(b) = b**3 + 2*b**2 - 4*b + 3. Calculate the remainder when c is divided by k(2).
6
Let v(x) = x**3 - x + 1. Let l be v(1). Let p(m) = l + 9*m + 5*m - 5*m. What is the remainder when p(4) is divided by 8?
5
Let z(t) = -2*t + 18. What is the remainder when 92 is divided by z(-7)?
28
Suppose -10 = -2*v + 42. What is the remainder when 2020/(-8)*2/(-5) is divided by v?
23
Let i = -7 - -6. Calculate the remainder when i*((-38 - 0) + 1) is divided by -2 - (-4)/(8/30).
11
Let h(d) = 2*d**2 + 4 - 2 - 11*d**3 + 0*d**2 - 3. Calculate the remainder when h(-1) is divided by 7.
5
Suppose -3*s + 2984 = s. Let m = s - 518. What is the remainder when m/14 + 10/(-35) is divided by 9?
7
Let d(t) = 2*t**2 + 8*t + 2. Suppose 4*c = -c + 20. Calculate the remainder when d(-6) is divided by (-1)/4 + 57/c.
12
Let h be 6 + (2 - (-2 + 6)). Let l(f) = f**2 + f - 2. What is the remainder when l(h) is divided by 10?
8
Suppose 0 = 3*r - 2*r. Let j = r - -2. Suppose 2*s = -j*s + 188. Calculate the remainder when s is divided by 12.
11
Let g = -33 - -49. Suppose -i + g - 2 = 0. What is the remainder when i is divided by 5?
4
Let r(f) = -f**3 + 17*f**2 - 16*f + 14. Calculate the remainder when r(16) is divided by 8.
6
Let j = 6 + -2. Suppose 0 = -2*f + j, -g - 3*g = -4*f - 36. Calculate the remainder when 1/4 + g/4 is divided by 2.
1
Let w be 9/12*2*-2. Suppose -2*s - 5*p + 7 = 0, -6*s + 4*s - p = -19. What is the remainder when s is divided by 2/w*1*-9?
5
Let h = 0 + -3. Let x(b) = -5*b - 3. Suppose -6*o + 130 = -3*o + 5*p, 0 = -5*o - 5*p + 200. Calculate the remainder when o is divided by x(h).
11
Let i(z) = z**3 - 4*z**2 + 7*z - 1. Calculate the remainder when 235 is divided by i(5).
58
Let y = 75 - 44. Let h = 12 + y. Calculate the remainder when h is divided by 11.
10
Suppose 25 = -3*i + 259. What is the remainder when i is divided by 20?
18
Let d(x) = 2*x**2 - 9*x - 7. Let y be d(7). Suppose 3*v - g - y = 0, 4*v + 3*g + g = 32. What is the remainder when 33 is divided by v?
6
Let i(x) be the second derivative of x**5/20 - x**4/3 - 2*x**3/3 + x**2/2 - x. What is the remainder when 11 is divided by i(5)?
5
Suppose -3*z + 0*n + 183 = -4*n, 5*z = -5*n + 305. Suppose 0 = 3*u + 3*a - 69, -u = -3*u - 5*a + z. What is the remainder when 33 is divided by u?
15
Suppose l = 5*x + 47, 2*l - 5*x + 235 = 7*l. Calculate the remainder when 185 is divided by l.
44
Let f = -447 - -768. Calculate the remainder when f is divided by 46.
45
Let t be 2/(-2)*-4*1. Let a = 124 + -57. What is the remainder when a is divided by -2*(-1)/t*46?
21
Let h = 42 + 5. Let k(v) = v - 3. Let f be k(8). Suppose 86 = f*u + 6. What is the remainder when h is divided by u?
15
Let z(g) = -g**2 + 10*g + 7. Let m = 34 - 21. Let f = m + -8. Calculate the remainder when z(f) is divided by 11.
10
Let d(y) = 3*y**2 - 13*y + 1. Let p be d(4). Suppose -3*n = -2*n - 48. What is the remainder when n + -1 - 0/p is divided by 16?
15
Suppose -f + 74 + 60 = -4*h, -3 = -h. Calculate the remainder when f is divided by 21.
20
Suppose 3*h - 2*g + 7*g = 7, -g = 2*h - 7. Suppose 0 = 5*x - 3*x + 4*i + 8, -3*x = h*i + 2. Let s = 24 + -13. Calculate the remainder when s is divided by x.
5
Suppose -2*t = 2*r - 16, 4*t = r + 25 - 8. Suppose 5*f + 8*p = t*p + 10, -f - 2*p + 2 = 0. What is the remainder when 4 is divided by f?
0
Let k(a) = -a**3 + 11*a**2 + a - 3. Suppose -11 = -6*y + 5*y. Calculate the remainder when 30 is divided by k(y).
6
Let i(k) = 49*k**3 - k**2 + 1. Calculate the remainder when i(1) is divided by 19.
11
Calculate the remainder when 5/(-15) - 714/(-9) is divided by 40.
39
Let r = -18 + 41. Calculate the remainder when r is divided by 9.
5
Let f(h) = h. Let j be f(7). Suppose 2*m - 3*m = -j. Suppose 0*w + 5*s + 13 = -w, -4*w = -3*s - 63. What is the remainder when w is divided by m?
5
Suppose 0 = -2*s + 14. Suppose -3*k + 9 = -6. What is the remainder when s is divided by k?
2
Let y(o) = -2*o - 4. Let g = 2 - -1. Calculate the remainder when y(-4) is divided by g.
1
Suppose 2*h - 86 = 5*j - 18, 5*j = 5*h - 140. Suppose 4*w = 5*v + h + 16, 2*v - 12 = -4*w. What is the remainder when w is divided by 2?
1
Suppose 5*x + 9 = 8*x. Let j(g) = -x - 9*g + g - 6 - g**2. Calculate the remainder when 5 is divided by j(-6).
2
Let f be (-1610)/42 + (-4)/(-3). Let q(c) = -17*c**2 + 2*c - 1. Let y be q(-2). Let j = f - y. Calculate the remainder when j is divided by 19.
17
Let q = 58 + -55. What is the remainder when q is divided by 3?
0
Suppose 3*p - 3 = 0, 2*p - 4*p + 8 = 3*g. Suppose 0 = -20*t + 15*t + 10. Calculate the remainder when t is divided by g.
0
Suppose 0 = -10*u + 6*u. Suppose 5*a - q - 30 = 0, u = -2*a - 0*q + q + 12. Calculate the remainder when 21 is divided by a.
3
Calculate the remainder when 31 is divided by (4/(-6))/((-8)/132).
9
Let z(y) = 2*y**2 + 7*y - 8. Let s(m) = 2*m + 0*m + 2*m - 5*m + 1. Let r(o) = 6*s(o) + z(o). Calculate the remainder when 23 is divided by r(2).
7
Let b be 2 + 0 + (-23 - -6). Let u = b + 24. What is the remainder when 35 is divided by u?
8
Let g(a) be the first derivative of a**4/4 + 13*a**3/3 + 4*a**2 - 4*a + 1. What is the remainder when g(-12) is divided by 15?
14
Let n = -37 - -54. Let u = n + -8. Suppose 0 = -4*g + g + u. Calculate the remainder when g is divided by 2.
1
Suppose 0 = 2*t - 115 + 43. Let p = t - 19. What is the remainder when p is divided by 10?
7
Suppose n = -n. Suppose b - 15 = -n*b. What is the remainder when 26 is divided by b?
11
Let p(o) be the second derivative of o**5/20 - o**4/4 + 2*o**3/3 - o**2 - o. Let g be p(2). What is the remainder when 47 is divided by (-22)/(-2) + 3 + g?
15
Suppose -k + 0 + 25 = 0. Calculate the remainder when 98 is divided by k.
23
Suppose -3*b + 28 = 10. Let i = b - 3. Let o = 51 - 47. Calculate the remainder when o is divided by i.
1
Let g(u) = -5*u**2 - 2*u. Let d be g(-4). Let p = d - -157. Suppose -p = -3*x + 92. What is the remainder when x is divided by 15?
14
Let c(d) = d**2 + 2*d - 3. Let a be c(-5). Let f be (10/4)/(2/a). Let g = 76 - f. What is the remainder when g is divided by 16?
13
Suppose 15 = 3*i - 39. Let c be 8/(-36) + 40/i. Suppose 0 = -0*t - c*t + 10. Calculate the remainder when 18 is divided by t.
3
Let r(o) be the first derivative of 5*o**2 - 7*o + 4. Calculate the remainder when r(3) is divided by 13.
10
Suppose -k - 6 = h + k, 2*h + 2*k + 10 = 0. Calculate the remainder when (-153)/h + 4/(-16) is divided by 10.
8
Let l(n) = -2*n**3 - 3*n**2 - 2*n - 2. Let f be l(-2). Suppose 1 = -4*h - 15. Let s = h + f. Calculate the remainder when 3 is divided by s.
1
Suppose 4*u - 4*v = 116, 153 = 4*u + u - 3*v. Calculate the remainder when 130 is divided by u.
31
Suppose 0 = -5*a + 5*g + 35, -2*g + 39 = 2*a + 13. Calculate the remainder when a is divided by 5.
0
Let d = -33 - -44. What is the remainder when d is divided by 6?
5
Let h(n) = n**3 + 6*n**2 - 6*n + 10. Let g(d) = -2*d + 3. Let l be g(2). What is the remainder when l*(-5)/((-15)/(-12)) is divided by h(-7)?
1
Let d = 6 + -12. Let m(v) = v**2 + 5*v + 2. What is the remainder when (-10)/(-4)*4 - -4 is divided by m(d)?
6
Let a(m) be the first derivative of -1 - m - 3/2*m**2. What is the remainder when a(-5) is divided by 8?
6
Suppose 4*o - 2*o = 3*x - 69, -5*x + 4*o + 113 = 0. What is the remainder when x is divided by 10?
5
Suppose 4*z = z. Let g(r) = r**3 + r**2 + r + 4. Let o be g(z). Suppose -u - o = -17. What is the remainder when 38 is divided by u?
12
Suppose 4*k - 3*v - 81 = 0, -2*k + 2*v + 39 = v. Let p = k + -5. Calculate the remainder when p is divided by 7.
6
Let t(q) be the third derivative of q**6/20 + q**4/12 - q**3/2 - 6*q**2. Calculate the remainder when t(2) is divided by 10.
9
Let t = 131 + -119. Calculate the remainder when 77 is divided by t.
5
Let h(b) = b**2 + 13. Let i be ((-1 - -1)/(-3))/2. Suppose -28 = -2*p - 2*p. What is the remainder when h(i) is divided by p?
6
Let t(r) = 12*r**2 - 5*r - 7. What is the remainder when t(-2) is divided by 11?
7
Suppose -110 = -41*q + 31*q. Suppose -2*n = 30 + 106. Let b = -36 - n. Calculate the remainder when b is divided by q.
10
Let r(d) be the third derivative of 0*d + 0 + 1/120*d**6 + 5/24*d**4 + 1/3*d**3 + 3*d**2 - 1/12*d**5. Calculate the remainder when 21 is divided by r(4).
3
Let t(d) =